13?
a4
What is 20122 (base 3) in base 8?
263
Convert 0 (base 3) to base 16.
0
Convert 63 (base 11) to base 8.
105
What is -4 (base 11) in base 15?
-4
What is 1 (base 7) in base 5?
1
Convert -46 (base 12) to base 10.
-54
Convert 4e (base 16) to base 4.
1032
What is -12 (base 9) in base 4?
-23
What is 20 (base 3) in base 14?
6
d (base 15) to base 2
1101
82 (base 12) to base 5
343
Convert 0 (base 9) to base 7.
0
What is 27 (base 15) in base 7?
52
-23 (base 9) to base 13
-18
-1 (base 8) to base 11
-1
What is -3c (base 13) in base 7?
-102
-7 (base 13) to base 16
-7
-32 (base 4) to base 9
-15
-1 (base 10) to base 15
-1
13 (base 4) to base 5
12
What is -3 (base 12) in base 6?
-3
1203 (base 4) to base 10
99
2 (base 5) to base 8
2
10 (base 5) to base 12
5
Convert -8 (base 15) to base 10.
-8
What is 2 (base 6) in base 11?
2
10 (base 16) to base 15
11
What is -211 (base 3) in base 13?
-19
Convert -b (base 13) to base 2.
-1011
What is 100 (base 2) in base 16?
4
-17 (base 12) to base 2
-10011
244 (base 5) to base 11
68
What is 426 (base 8) in base 15?
138
Convert 9 (base 10) to base 5.
14
Convert 1 (base 6) to base 14.
1
What is -131 (base 12) in base 4?
-2311
Convert -4 (base 12) to base 3.
-11
1 (base 2) to base 12
1
10 (base 16) to base 11
15
-2 (base 11) to base 12
-2
Convert -10 (base 13) to base 12.
-11
-32 (base 6) to base 3
-202
Convert -21210 (base 3) to base 10.
-210
What is 31 (base 11) in base 16?
22
Convert -101 (base 2) to base 12.
-5
What is -2 (base 12) in base 7?
-2
Convert 39 (base 11) to base 15.
2c
-1 (base 9) to base 16
-1
2211 (base 3) to base 15
51
-1 (base 3) to base 2
-1
Convert -1c (base 14) to base 10.
-26
3 (base 12) to base 10
3
Convert 1 (base 3) to base 4.
1
What is -123 (base 4) in base 13?
-21
What is 9 (base 12) in base 8?
11
What is -6 (base 8) in base 3?
-20
Convert 1012 (base 3) to base 14.
24
What is 101 (base 2) in base 4?
11
20 (base 6) to base 4
30
Convert 86 (base 9) to base 8.
116
-67 (base 13) to base 2
-1010101
What is 3 (base 13) in base 14?
3
Convert -70 (base 11) to base 7.
-140
5 (base 14) to base 10
5
-110011 (base 2) to base 5
-201
Convert 4 (base 15) to base 13.
4
166 (base 10) to base 13
ca
0 (base 10) to base 13
0
What is -1 (base 3) in base 5?
-1
What is 114 (base 7) in base 10?
60
Convert -24 (base 12) to base 14.
-20
3 (base 14) to base 16
3
Convert 31 (base 14) to base 11.
3a
-16 (base 7) to base 11
-12
Convert 100 (base 4) to base 9.
17
Convert -50 (base 7) to base 8.
-43
Convert 72 (base 11) to base 13.
61
Convert -1e (base 15) to base 2.
-11101
Convert -19a (base 11) to base 12.
-172
Convert 38 (base 15) to base 9.
58
Convert -21 (base 4) to base 6.
-13
What is 15 (base 7) in base 15?
c
45 (base 12) to base 5
203
What is -81 (base 11) in base 16?
-59
Convert 2 (base 9) to base 11.
2
-35 (base 9) to base 4
-200
What is -3 (base 7) in base 15?
-3
Convert 4 (base 11) to base 5.
4
Convert -1223 (base 6) to base 14.
-179
66 (base 8) to base 11
4a
Convert 0 (base 4) to base 13.
0
What is 1 (base 13) in base 11?
1
103 (base 15) to base 10
228
1 (base 10) to base 12
1
What is 41 (base 5) in base 7?
30
-25 (base 16) to base 10
-37
-113 (base 4) to base 16
-17
-31 (base 5) to base 8
-20
-8 (base 11) to base 16
-8
Convert -12 (base 8) to base 11.
-a
-c (base 15) to base 12
-10
Convert -11 (base 6) to base 9.
-7
Convert -333 (base 4) to base 8.
-77
Convert -14 (base 5) to base 14.
-9
Convert 62 (base 10) to base 15.
42
What is -4 (base 11) in base 10?
-4
Convert 55 (base 10) to base 2.
110111
What is -1 (base 4) in base 11?
-1
What is 55 (base 10) in base 15?
3a
Convert 2 (base 7) to base 14.
2
-25 (base 8) to base 4
-111
-202 (base 4) to base 15
-24
Convert 0 (base 3) to base 15.
0
What is 0 (base 2) in base 7?
0
What is -2 (base 3) in base 7?
-2
What is 13a (base 12) in base 11?
163
Convert 6 (base 11) to base 2.
110
What is 3 (base 9) in base 15?
3
-8e (base 16) to base 8
-216
Convert 1 (base 6) to base 5.
1
What is 23 (base 16) in base 7?
50
What is -3f (base 16) in base 3?
-2100
What is -6 (base 16) in base 15?
-6
What is -6 (base 8) in base 11?
-6
What is 10 (base 14) in base 16?
e
Convert -2 (base 6) to base 15.
-2
Convert -166 (base 7) to base 12.
-81
-101110 (base 2) to base 4
-232
Convert -4 (base 13) to base 6.
-4
34 (base 6) to base 2
10110
2 (base 15) to base 13
2
What is 85 (base 12) in base 13?
7a
-5 (base 7) to base 3
-12
Convert -29 (base 12) to base 5.
-113
-334 (base 7) to base 3
-20101
What is 50 (base 12) in base 6?
140
What is 1 (base 6) in base 15?
1
Convert 11110 (base 2) to base 10.
30
What is -57 (base 8) in base 6?
-115
Convert 34 (base 7) to base 10.
25
Convert b (base 15) to base 14.
b
Convert -100 (base 10) to base 11.
-91
-b4 (base 12) to base 9
-161
What is -7 (base 10) in base 6?
-11
Convert 1100101 (base 2) to base 4.
1211
Convert -1 (base 12) to base 11.
-1
1 (base 10) to base 9
1
5 (base 13) to base 5
10
What is -404 (base 8) in base 14?
-148
62 (base 9) to base 11
51
Convert 1041 (base 6) to base 16.
f1
3 (base 9) to base 11
3
What is 0 (base 16) in base 10?
0
121 (base 3) to base 4
100
What is 1 (base 5) in base 4?
1
What is 165 (base 10) in base 2?
10100101
Convert 25 (base 10) to base 15.
1a
Convert -11 (base 4) to base 12.
-5
What is -4 (base 5) in base 10?
-4
What is -42 (base 15) in base 10?
-62
What is -122 (base 6) in base 12?
-42
What is -3 (base 13) in base 9?
-3
What is 48 (base 9) in base 14?
32
2c (base 13) to base 10
38
Convert -7 (base 13) to base 2.
-111
Convert 0 (base 10) to base 14.
0
Convert 1010 (base 2) to base 9.
11
224 (base 14) to base 12
2b4
What is -57 (base 9) in base 11?
-48
110 (base 2) to base 12
6
-116 (base 7) to base 8
-76
Convert -47 (base 9) to base 10.
-43
270 (base 9) to base 12
169
Convert -3 (base 12) to base 4.
-3
Convert 1 (base 12) to base 9.
1
3 (base 11) to base 13
3
Convert -25 (base 12) to base 13.
-23
-21 (base 7) to base 8
-17
151 (base 6) to base 10
67
-4 (base 8) to base 10
-4
Convert -1102 (base 3) to base 6.
-102
Convert 1 (base 6) to base 12.
1
20 (base 16) to base 12
28
Convert -118 (base 13) to base 2.
-10111110
422 (base 10) to base 7
1142
What is 0 (base 9) in base 7?
0
What is -2 (base 10) in base 13?
-2
What is -24 (base 6) in base 7?
-22
What is 7 (base 10) in base 2?
111
Convert -5 (base 13) to base 14.
-5
Convert 1 (base 5) to base 2.
1
8 (base 14) to base 8
10
Convert -d3 (base 14) to base 2.
-10111001
2 (base 13) to base 15
2
-3 (base 6) to base 15
-3
Convert -191 (base 11) to base 2.
-11011101
What is -114 (base 5) in base 15?
-24
11 (base 9) to base 13
a
What is -11 (base 6) in base 14?
-7
Convert 5 (base 16) to base 3.
12
What is -2 (base 12) in base 2?
-10
What is -3 (base 4) in base 15?
-3
What is 1 (base 10) in base 4?
1
What is -3012 (base 4) in base 10?
-198
What is -51 (base 10) in base 3?
-1220
-22200 (base 3) to base 16
-ea
Convert -484 (base 9) to base 7.
-1111
40 (base 12) to base 11
44
Convert -122 (base 3) to base 12.
-15
3 (base 10) to base 13
3
Convert -2a (base 16) to base 15.
-2c
6 (base 8) to base 3
20
-3 (base 11) to base 14
-3
What is -110 (base 2) in base 10?
-6
What is 2 (base 9) in base 8?
2
What is 18 (base 16) in base 3?
220
-1100010 (base 2) to base 4
-1202
Convert -79 (base 13) to base 16.
-64
What is 42 (base 5) in base 10?
22
Convert -113 (base 8) to base 2.
-1001011
What is -3 (base 11) in base 7?
-3
What is -455 (base 7) in base 4?
-3230
What is 31 (base 5) in base 16?
10
What is -101 (base 3) in base 5?
-20
What is c (base 13) in base 9?
13
-101200 (base 3) to base 10
-288
-426 (base 8) to base 12
-1b2
-1 (base 10) to base 12
-1
What is -4 (base 9) in base 15?
-4
What is 212 (base 3) in base 15?
18
What is -101 (base 2) in base 13?
-5
What is -13d (base 14) in base 13?
-164
125 (base 7) to base 6
152
-21 (base 5) to base 15
-b
-77 (base 13) to base 16
-62
-13a (base 12) to base 14
-d8
What is 21010 (base 3) in base 8?
300
0 (base 4) to base 10
0
Convert 52 (base 8) to base 14.
30
1 (base 11) to base 7
1
143 (base 11) to base 14
c0
Convert -5 (base 9) to base 15.
-5
Convert 32 (base 8) to base 14.
1c
Convert 34 (base 16) to base 2.
110100
2 (base 6) to base 11
2
What is 0 (base 15) in base 3?
0
Convert -6 (base 10) to base 15.
-6
10100 (base 3) to base 2
1011010
Convert 